{"id":1062,"date":"2019-08-24T15:10:24","date_gmt":"2019-08-24T18:10:24","guid":{"rendered":"http:\/\/droids.com.ar\/?page_id=1062"},"modified":"2019-08-24T15:17:08","modified_gmt":"2019-08-24T18:17:08","slug":"informacion","status":"publish","type":"page","link":"https:\/\/droids.com.ar\/wordpress\/informacion\/","title":{"rendered":"Informaci\u00f3n:"},"content":{"rendered":"\n\t<h2>Informaci\u00f3n:<\/h2>\n\t<p><img loading=\"lazy\" decoding=\"async\" src=\"http:\/\/droids.com.ar\/wp-content\/uploads\/2019\/08\/Lego-7.jpg\" alt=\"\" width=\"266\" height=\"213\" \/>La dimensi\u00f3n informaci\u00f3n describe las habilidades para buscar, seleccionar, evaluar y organizar informaci\u00f3n en entornos digitales y transformar o adaptar la informaci\u00f3n en un nuevo producto, conocimiento o desarrollar ideas nuevas.\u00a0Por este motivo, la dimensi\u00f3n informaci\u00f3n se compone de dos sub dimensiones:\u00a0informaci\u00f3n como fuente e informaci\u00f3n como producto.<\/p>\n<p><strong>Informaci\u00f3n como fuente:<\/strong>\u00a0la gran cantidad de informaci\u00f3n disponible como producto de Internet y proliferaci\u00f3n de bases de datos, hacen que las habilidades relacionadas a encontrar y organizar la informaci\u00f3n de manera efectiva sea cr\u00edtica. Esto supone que el estudiante primero comprenda y defina claramente cu\u00e1l es la necesidad de informaci\u00f3n en base a una pregunta, problema o tarea a resolver; sepa identificar fuentes de informaci\u00f3n digitales pertinentes y sepa buscar y seleccionar la informaci\u00f3n digital requerida en funci\u00f3n de la tarea a resolver. Una vez que ha encontrado la informaci\u00f3n que busca, debe ser capaz de evaluar cu\u00e1n \u00fatil y relevante es una fuente de informaci\u00f3n digital y sus contenidos para la pregunta, problema o tarea que busca resolver; y finalmente sepa guardar y organizar los datos o informaci\u00f3n digital de forma eficiente para su reutilizaci\u00f3n posterior.<\/p>\n<p><strong>Informaci\u00f3n como producto:<\/strong>\u00a0esta sub-dimensi\u00f3n consiste en lo que el estudiante puede hacer con la informaci\u00f3n en ambientes digitales una vez que esta ha sido recogida y organizada. Es posible transformar y desarrollar la informaci\u00f3n digital de diversas maneras para entenderla mejor, comunicarla m\u00e1s efectivamente a otros y desarrollar interpretaciones o ideas propias en base a una pregunta, problema o tarea a resolver. En este contexto, las TIC ofrecen buenas herramientas para: integrar y resumir la informaci\u00f3n, para analizar e interpretar informaci\u00f3n, para modelar informaci\u00f3n, para observar c\u00f3mo funciona un modelo y las relaciones entre sus elementos, y finalmente generar nueva informaci\u00f3n o desarrollar ideas propias a trav\u00e9s de los procesos anteriores. Espec\u00edficamente, esta sub-dimensi\u00f3n considera las habilidades de planificar un producto de informaci\u00f3n; integrar, refinar, y representar informaci\u00f3n; y generar nuevos productos de informaci\u00f3n.<\/p>\n<hr \/>\n<h3>Share this:<\/h3>\n","protected":false},"excerpt":{"rendered":"<p>Informaci\u00f3n: La dimensi\u00f3n informaci\u00f3n describe las habilidades para buscar, seleccionar, evaluar y organizar informaci\u00f3n en entornos digitales y transformar o adaptar la informaci\u00f3n en un nuevo producto, conocimiento o desarrollar ideas nuevas.\u00a0Por este motivo, la dimensi\u00f3n informaci\u00f3n se compone de dos sub dimensiones:\u00a0informaci\u00f3n como fuente e informaci\u00f3n como producto. Informaci\u00f3n como fuente:\u00a0la gran cantidad de [&hellip;]<\/p>\n","protected":false},"author":1,"featured_media":0,"parent":0,"menu_order":0,"comment_status":"closed","ping_status":"closed","template":"","meta":{"_uag_custom_page_level_css":"","site-sidebar-layout":"default","site-content-layout":"default","ast-site-content-layout":"default","site-content-style":"default","site-sidebar-style":"default","ast-global-header-display":"","ast-banner-title-visibility":"","ast-main-header-display":"","ast-hfb-above-header-display":"","ast-hfb-below-header-display":"","ast-hfb-mobile-header-display":"","site-post-title":"disabled","ast-breadcrumbs-content":"","ast-featured-img":"","footer-sml-layout":"","ast-disable-related-posts":"","theme-transparent-header-meta":"default","adv-header-id-meta":"","stick-header-meta":"","header-above-stick-meta":"","header-main-stick-meta":"","header-below-stick-meta":"","astra-migrate-meta-layouts":"default","ast-page-background-enabled":"default","ast-page-background-meta":{"desktop":{"background-color":"","background-image":"","background-repeat":"repeat","background-position":"center center","background-size":"auto","background-attachment":"scroll","background-type":"","background-media":"","overlay-type":"","overlay-color":"","overlay-opacity":"","overlay-gradient":""},"tablet":{"background-color":"","background-image":"","background-repeat":"repeat","background-position":"center center","background-size":"auto","background-attachment":"scroll","background-type":"","background-media":"","overlay-type":"","overlay-color":"","overlay-opacity":"","overlay-gradient":""},"mobile":{"background-color":"","background-image":"","background-repeat":"repeat","background-position":"center center","background-size":"auto","background-attachment":"scroll","background-type":"","background-media":"","overlay-type":"","overlay-color":"","overlay-opacity":"","overlay-gradient":""}},"ast-content-background-meta":{"desktop":{"background-color":"var(--ast-global-color-5)","background-image":"","background-repeat":"repeat","background-position":"center center","background-size":"auto","background-attachment":"scroll","background-type":"","background-media":"","overlay-type":"","overlay-color":"","overlay-opacity":"","overlay-gradient":""},"tablet":{"background-color":"var(--ast-global-color-5)","background-image":"","background-repeat":"repeat","background-position":"center center","background-size":"auto","background-attachment":"scroll","background-type":"","background-media":"","overlay-type":"","overlay-color":"","overlay-opacity":"","overlay-gradient":""},"mobile":{"background-color":"var(--ast-global-color-5)","background-image":"","background-repeat":"repeat","background-position":"center center","background-size":"auto","background-attachment":"scroll","background-type":"","background-media":"","overlay-type":"","overlay-color":"","overlay-opacity":"","overlay-gradient":""}},"ngg_post_thumbnail":0,"footnotes":""},"class_list":["post-1062","page","type-page","status-publish","hentry"],"uagb_featured_image_src":{"full":false,"thumbnail":false,"medium":false,"medium_large":false,"large":false,"1536x1536":false,"2048x2048":false,"lifterlms_certificate_background":false,"llms_notification_icon":false},"uagb_author_info":{"display_name":"user","author_link":"https:\/\/droids.com.ar\/wordpress\/author\/user\/"},"uagb_comment_info":0,"uagb_excerpt":"Informaci\u00f3n: La dimensi\u00f3n informaci\u00f3n describe las habilidades para buscar, seleccionar, evaluar y organizar informaci\u00f3n en entornos digitales y transformar o adaptar la informaci\u00f3n en un nuevo producto, conocimiento o desarrollar ideas nuevas.\u00a0Por este motivo, la dimensi\u00f3n informaci\u00f3n se compone de dos sub dimensiones:\u00a0informaci\u00f3n como fuente e informaci\u00f3n como producto. Informaci\u00f3n como fuente:\u00a0la gran cantidad de&hellip;","_links":{"self":[{"href":"https:\/\/droids.com.ar\/wordpress\/wp-json\/wp\/v2\/pages\/1062","targetHints":{"allow":["GET"]}}],"collection":[{"href":"https:\/\/droids.com.ar\/wordpress\/wp-json\/wp\/v2\/pages"}],"about":[{"href":"https:\/\/droids.com.ar\/wordpress\/wp-json\/wp\/v2\/types\/page"}],"author":[{"embeddable":true,"href":"https:\/\/droids.com.ar\/wordpress\/wp-json\/wp\/v2\/users\/1"}],"replies":[{"embeddable":true,"href":"https:\/\/droids.com.ar\/wordpress\/wp-json\/wp\/v2\/comments?post=1062"}],"version-history":[{"count":3,"href":"https:\/\/droids.com.ar\/wordpress\/wp-json\/wp\/v2\/pages\/1062\/revisions"}],"predecessor-version":[{"id":1073,"href":"https:\/\/droids.com.ar\/wordpress\/wp-json\/wp\/v2\/pages\/1062\/revisions\/1073"}],"wp:attachment":[{"href":"https:\/\/droids.com.ar\/wordpress\/wp-json\/wp\/v2\/media?parent=1062"}],"curies":[{"name":"wp","href":"https:\/\/api.w.org\/{rel}","templated":true}]}}