{"id":1066,"date":"2019-08-24T15:12:12","date_gmt":"2019-08-24T18:12:12","guid":{"rendered":"http:\/\/droids.com.ar\/?page_id=1066"},"modified":"2019-08-24T15:16:16","modified_gmt":"2019-08-24T18:16:16","slug":"tecnologia","status":"publish","type":"page","link":"https:\/\/droids.com.ar\/wordpress\/tecnologia\/","title":{"rendered":"Tecnolog\u00eda:"},"content":{"rendered":"\n\t<h2>Informaci\u00f3n:<\/h2>\n\t<p><img loading=\"lazy\" decoding=\"async\" src=\"http:\/\/droids.com.ar\/wp-content\/uploads\/2019\/08\/Lego-5.jpg\" alt=\"\" width=\"239\" height=\"267\" \/>Esta dimensi\u00f3n define las habilidades funcionales y conocimientos necesarios para nombrar, resolver problemas, operar y usar las TIC en cualquier tarea. Es importante considerar que por la permanente creaci\u00f3n de software, hardware y programas, esta dimensi\u00f3n es particularmente din\u00e1mica. Se divide en tres sub-dimensiones:<\/p>\n<p><strong>Conocimientos TIC:<\/strong>\u00a0se refiere a la capacidad de manejar y entender conceptos TIC utilizados para nombrar las partes y funciones de los computadores y las redes. Dominar los t\u00e9rminos asociados a las TIC y sus componentes es importante para poder resolver problemas t\u00e9cnicos asociados a ellas.<\/p>\n<p><strong>Operar las TIC:<\/strong>\u00a0considera la capacidad de usar las TIC de forma segura, de resolver problemas t\u00e9cnicos b\u00e1sicos y de administrar informaci\u00f3n y archivos.<\/p>\n<p><strong>Usar las TIC:<\/strong>\u00a0se refiere a la habilidad de dominar software, hardware y programas de uso extendido en la sociedad, particularmente aquellos que facilitan el aprendizaje individual y con otros.<\/p>\n","protected":false},"excerpt":{"rendered":"<p>Informaci\u00f3n: Esta dimensi\u00f3n define las habilidades funcionales y conocimientos necesarios para nombrar, resolver problemas, operar y usar las TIC en cualquier tarea. Es importante considerar que por la permanente creaci\u00f3n de software, hardware y programas, esta dimensi\u00f3n es particularmente din\u00e1mica. Se divide en tres sub-dimensiones: Conocimientos TIC:\u00a0se refiere a la capacidad de manejar y entender [&hellip;]<\/p>\n","protected":false},"author":1,"featured_media":0,"parent":0,"menu_order":0,"comment_status":"closed","ping_status":"closed","template":"","meta":{"_uag_custom_page_level_css":"","site-sidebar-layout":"default","site-content-layout":"default","ast-site-content-layout":"default","site-content-style":"default","site-sidebar-style":"default","ast-global-header-display":"","ast-banner-title-visibility":"","ast-main-header-display":"","ast-hfb-above-header-display":"","ast-hfb-below-header-display":"","ast-hfb-mobile-header-display":"","site-post-title":"disabled","ast-breadcrumbs-content":"","ast-featured-img":"","footer-sml-layout":"","ast-disable-related-posts":"","theme-transparent-header-meta":"default","adv-header-id-meta":"","stick-header-meta":"","header-above-stick-meta":"","header-main-stick-meta":"","header-below-stick-meta":"","astra-migrate-meta-layouts":"default","ast-page-background-enabled":"default","ast-page-background-meta":{"desktop":{"background-color":"","background-image":"","background-repeat":"repeat","background-position":"center center","background-size":"auto","background-attachment":"scroll","background-type":"","background-media":"","overlay-type":"","overlay-color":"","overlay-opacity":"","overlay-gradient":""},"tablet":{"background-color":"","background-image":"","background-repeat":"repeat","background-position":"center center","background-size":"auto","background-attachment":"scroll","background-type":"","background-media":"","overlay-type":"","overlay-color":"","overlay-opacity":"","overlay-gradient":""},"mobile":{"background-color":"","background-image":"","background-repeat":"repeat","background-position":"center center","background-size":"auto","background-attachment":"scroll","background-type":"","background-media":"","overlay-type":"","overlay-color":"","overlay-opacity":"","overlay-gradient":""}},"ast-content-background-meta":{"desktop":{"background-color":"var(--ast-global-color-5)","background-image":"","background-repeat":"repeat","background-position":"center center","background-size":"auto","background-attachment":"scroll","background-type":"","background-media":"","overlay-type":"","overlay-color":"","overlay-opacity":"","overlay-gradient":""},"tablet":{"background-color":"var(--ast-global-color-5)","background-image":"","background-repeat":"repeat","background-position":"center center","background-size":"auto","background-attachment":"scroll","background-type":"","background-media":"","overlay-type":"","overlay-color":"","overlay-opacity":"","overlay-gradient":""},"mobile":{"background-color":"var(--ast-global-color-5)","background-image":"","background-repeat":"repeat","background-position":"center center","background-size":"auto","background-attachment":"scroll","background-type":"","background-media":"","overlay-type":"","overlay-color":"","overlay-opacity":"","overlay-gradient":""}},"ngg_post_thumbnail":0,"footnotes":""},"class_list":["post-1066","page","type-page","status-publish","hentry"],"uagb_featured_image_src":{"full":false,"thumbnail":false,"medium":false,"medium_large":false,"large":false,"1536x1536":false,"2048x2048":false,"lifterlms_certificate_background":false,"llms_notification_icon":false},"uagb_author_info":{"display_name":"user","author_link":"https:\/\/droids.com.ar\/wordpress\/author\/user\/"},"uagb_comment_info":0,"uagb_excerpt":"Informaci\u00f3n: Esta dimensi\u00f3n define las habilidades funcionales y conocimientos necesarios para nombrar, resolver problemas, operar y usar las TIC en cualquier tarea. Es importante considerar que por la permanente creaci\u00f3n de software, hardware y programas, esta dimensi\u00f3n es particularmente din\u00e1mica. Se divide en tres sub-dimensiones: Conocimientos TIC:\u00a0se refiere a la capacidad de manejar y entender&hellip;","_links":{"self":[{"href":"https:\/\/droids.com.ar\/wordpress\/wp-json\/wp\/v2\/pages\/1066","targetHints":{"allow":["GET"]}}],"collection":[{"href":"https:\/\/droids.com.ar\/wordpress\/wp-json\/wp\/v2\/pages"}],"about":[{"href":"https:\/\/droids.com.ar\/wordpress\/wp-json\/wp\/v2\/types\/page"}],"author":[{"embeddable":true,"href":"https:\/\/droids.com.ar\/wordpress\/wp-json\/wp\/v2\/users\/1"}],"replies":[{"embeddable":true,"href":"https:\/\/droids.com.ar\/wordpress\/wp-json\/wp\/v2\/comments?post=1066"}],"version-history":[{"count":3,"href":"https:\/\/droids.com.ar\/wordpress\/wp-json\/wp\/v2\/pages\/1066\/revisions"}],"predecessor-version":[{"id":1072,"href":"https:\/\/droids.com.ar\/wordpress\/wp-json\/wp\/v2\/pages\/1066\/revisions\/1072"}],"wp:attachment":[{"href":"https:\/\/droids.com.ar\/wordpress\/wp-json\/wp\/v2\/media?parent=1066"}],"curies":[{"name":"wp","href":"https:\/\/api.w.org\/{rel}","templated":true}]}}